 -0*u. Let l = u - 63. Is l a composite number?
True
Suppose -4*x + 0*o - 33 = -5*o, -18 = -x - 4*o. Let t(s) = -s - 1. Let q be t(x). Is (-2)/(4/(-110))*q prime?
False
Suppose 0*h = -h + 382. Is h a prime number?
False
Let k be 6 + (-3 + 1)*1. Suppose 20 = k*x - 8. Is x a prime number?
True
Let y = 3 + -1. Let u be (-2 + (-1)/(-1))/1. Is (-2 + y - 31)*u composite?
False
Let p be 5/2 + (-2)/(-4). Let c(d) = 21*d**2 - 9*d + 10. Let b(l) = -14*l**2 + 6*l - 7. Let t(u) = 7*b(u) + 5*c(u). Is t(p) prime?
False
Let z = 14 - 9. Suppose -u = -z*u + 812. Is u a composite number?
True
Let u(h) = h**2 - 10*h - 1. Let m be u(9). Let i = 16 + m. Is i a composite number?
True
Let v = 2 + 4. Let u(h) = h**3 - 6*h**2 - h + 5. Let c be u(v). Is c - -36 - (-3 - -5) a prime number?
False
Let u = 5067 + -3500. Is u composite?
False
Let c = 1546 - 395. Is c a composite number?
False
Let u(m) = -m**3 - 3*m**2 + 4. Let s be u(-3). Suppose 0 = -4*v - 5*o + 56, s*o - 19 = -4*v + 37. Suppose -l = -v - 35. Is l prime?
False
Suppose 0 = 5*y - 245 + 95. Let p = 1 + y. Is p a composite number?
False
Let n = 20 + -20. Is 744 - -1 - n/(-1) a composite number?
True
Suppose 0 = -3*d + 62 - 20. Suppose a + 6 + d = 0. Is (-15)/a*(0 - -76) composite?
True
Suppose 3*p - 1388 - 6967 = 0. Is p composite?
True
Let d = -4 - -1. Let u = d - 1. Is (-3 + (-10)/u)*-44 composite?
True
Suppose 7*f - 4933 = 3124. Is f a composite number?
False
Let k(q) = 4*q**2 - q + 6. Let s(x) = -7*x**2 + x - 12. Let j(a) = -5*k(a) - 3*s(a). Is j(-4) a prime number?
False
Let y = 2441 + -1421. Suppose 4*o - 8*o + y = 0. Suppose -c + o = 2*c. Is c a prime number?
False
Let h(y) = 115*y**2 + y + 6. Let x(i) = 116*i**2 + i + 7. Let s(d) = 7*h(d) - 6*x(d). Let p be s(1). Let m = p - 57. Is m a prime number?
True
Let d(t) = -10*t**2 + 3 - 10 + 6*t**2 - t**3 - t + 2*t**3. Let y be (3 - -2)*(0 - -1). Is d(y) prime?
True
Suppose -4*d + 63890 = -3*r, 0 = 5*d - 0*d + r - 79853. Is d composite?
False
Suppose 2*w + 35 = 4*i - w, 2*w = 5*i - 35. Suppose -i*g + 11 = 1. Suppose -3*x - m = -461, 2*x = -g*x + 2*m + 628. Is x a composite number?
True
Suppose -3*m + 13 = -17. Is ((-174)/(-4))/(m/20) a prime number?
False
Suppose -17*p = -21*p + 3028. Is p a composite number?
False
Suppose -d - 1 = -3. Suppose 4*a = d*s + 4 + 14, 2*a = -s - 9. Is (-136)/(-3) - 6/s a composite number?
True
Let u(c) = -141*c + 2. Is u(-7) a prime number?
False
Let b be 190/(-25) + (-2)/5. Is 2/b + (-845)/(-4) a prime number?
True
Let d = 114 - 35. Is d composite?
False
Suppose -t + 4*a = -495, -t - 494 = -2*t + 5*a. Is t composite?
False
Is (-2657)/(-1) + 2 + 0 prime?
True
Suppose 20 - 5 = -5*k + 5*q, -2*k - 3*q + 9 = 0. Suppose k = 3*h - 5 - 1. Suppose 249 = h*m + m. Is m prime?
True
Let x = -145 + 241. Let v = 183 - x. Is v a prime number?
False
Suppose -3*d = -4*n + d + 48, 3*n + 4*d = 1. Is n prime?
True
Suppose b + 3*b = 8708. Is b composite?
True
Suppose 5*r + 3*l = -1057, 0 = -0*r - 5*r + 3*l - 1063. Is ((-6)/12)/(2/r) a prime number?
True
Suppose j - 4*d = 62, d = -j + 2*d + 71. Is j prime?
False
Let h = -124 + 255. Is h composite?
False
Let o(x) = 9*x - 7. Is o(10) prime?
True
Is (-1)/(-2*1/110) a composite number?
True
Let b be (-264)/(-9)*9/6. Let w = b - 21. Let u = -16 + w. Is u prime?
True
Let i(g) = -18*g - 1. Let n(r) = -4 + 2*r - 55*r + 0*r. Let j(o) = 17*i(o) - 6*n(o). Is j(6) a composite number?
False
Let f(x) = x**2 + 8*x + 5. Let g be f(-5). Let l be (-4)/g + 2/(-5). Let n(b) = b**2 + b + 14. Is n(l) a prime number?
False
Suppose 0 = -q - 3*q. Suppose -2*b = -f - 5*b + 24, -f - 2*b + 19 = q. Is 40/18 + (-2)/f prime?
True
Let v(w) = 2*w + 3*w**2 + 3*w**2 - 5*w**2 + 1 - 3*w**2. Let y be v(-5). Let g = 148 + y. Is g a prime number?
True
Let n(q) = q - 7. Let t be n(0). Let i(u) = -21*u - 4. Is i(t) a composite number?
True
Let v = 0 - -4. Let c(i) = 7*i - 2. Let y be c(2). Suppose -y = s - v*s. Is s prime?
False
Is (-1)/(-2) - (-2 + (-1491)/6) a prime number?
True
Let h = 423 - 145. Let j = h + 15. Is j a composite number?
False
Let k(v) be the third derivative of v**5/20 + v**4/24 + v**3/6 - 7*v**2. Let l be 3/((18/(-4))/(-3)). Is k(l) a prime number?
False
Let t = 69 + -38. Is t a prime number?
True
Let f(r) = 70*r - 5. Let y(b) = -35*b + 3. Let m(x) = -3*f(x) - 5*y(x). Suppose -z + 2*z = 2*p + 5, -3*p = -z + 8. Is m(z) composite?
True
Suppose 25 = g - 6*g. Let i = g + 6. Is -1*(0/i + -37) prime?
True
Let m(k) = -13*k - 1. Let t be m(5). Let p = t - -103. Is p a composite number?
False
Let r(y) = 2*y**2 + y + 11. Let b(w) = -3*w + 21. Let h be b(9). Is r(h) composite?
True
Suppose -l = -68 + 8. Let b = l + -26. Is b a prime number?
False
Suppose -2*q = -2*t + 3*q + 60, -q - 44 = -2*t. Let d = t - 7. Is d a composite number?
False
Let z(o) = o**2 - 2*o - 10. Let l = 127 - 91. Let k be 6/(-30) - l/(-5). Is z(k) a prime number?
False
Suppose 10*p = 7*p + 5703. Is p a composite number?
False
Suppose 30 = -2*v - 3*v. Let l = 11 - v. Suppose 76 = 3*h - l. Is h prime?
True
Let n(d) = -122*d + 3. Is n(-2) a prime number?
False
Suppose -b + 4*l = -1, -4*b + 5*l = b - 5. Is (-1 - (b - 0)) + 337 a prime number?
False
Let p(c) = 8*c - 1. Let r(n) = -n**2 + 7*n + 9. Let o be r(7). Is p(o) composite?
False
Suppose -4*t + 4 = -3*t. Suppose -386 = 4*p + p + t*q, -160 = 2*p - 4*q. Let n = 4 - p. Is n a prime number?
False
Suppose 267 = -4*q - 53. Let w = q + 114. Is w a prime number?
False
Suppose -5*y - 4*m = -49 + 13, -2*m + 24 = 4*y. Let v(b) = -b**3 + 3*b**2 + 4*b + 3. Let f be v(y). Is 16 + 2/(-3)*f a prime number?
False
Let v(t) = 4*t**2 + t. Let x be v(-1). Suppose -136 = b + x*b. Is -1*(-2 + 3) - b a prime number?
False
Suppose -41 = -2*z + 5*p, 0 = 5*z + 3*p - 8 - 17. Suppose -z*x = -3*x + j - 119, 0 = x + 5*j - 43. Is x prime?
True
Let y be 0 + (-1 - -4) + 0. Suppose y*d + 754 = 5*a, -4*a - 4*d = -d - 587. Is a a composite number?
False
Suppose 5*b - 34 - 301 = 3*w, -5*b - 3*w + 335 = 0. Is b prime?
True
Is ((-159)/6)/(2/(-4)) prime?
True
Suppose 0 = -2*f - 15 - 19. Let x = f - -26. Is x a composite number?
True
Suppose -4*d = 2*i - 1066, 3*i + 3 = -0*i. Is d composite?
True
Let f = -3 - -19. Let i be 42/5*(4 - -1). Let m = i - f. Is m a composite number?
True
Let c be (-15 - (0 + 0))*-5. Let p = -38 + c. Suppose -p = -z + 2*d, 4*d - 13 - 54 = -z. Is z prime?
True
Let x(t) = 2*t**2 - 3*t. Let w be x(2). Suppose n = -3*r - w, n + 4*n + 22 = -3*r. Is 0 + -2 + r*55 a composite number?
False
Let b(g) = g**2 - 2*g + 5. Let h be b(5). Is h + 2/(8/4) a composite number?
True
Suppose -2*p - 18 = -0*p + 4*r, 5*r = 0. Let y = -2 - p. Suppose -4*g = -4*t + 160, 3*g - 12 = y*g. Is t a composite number?
False
Let v = 118 - 46. Let x = -13 - 33. Let i = x + v. Is i prime?
False
Let q(j) = 44*j + 53. Is q(9) a prime number?
True
Let f(s) = 49*s + 4. Is f(13) a composite number?
False
Let d(n) be the first derivative of -5*n**3/3 - 3*n**2/2 + 47*n - 3. Let i(m) = -4*m**2 - 2*m + 47. Let l(j) = -3*d(j) + 4*i(j). Is l(0) a composite number?
False
Let a = -4 - -6. Let w(l) = a*l - 7 - 3*l - 5*l. Is w(-7) prime?
False
Let z be 12*1*1/4. Suppose z*c - 97 = 14. Is c a prime number?
True
Suppose -7*g + 3*z = -2*g - 21, 3*g + 5*z - 33 = 0. Let f = g - -4. Is f prime?
False
Let o(i) = i**3 + 10*i**2 + 7*i + 4. Is o(-6) a composite number?
True
Let b(f) = -f**3 - 2*f**2 - 2*f. Let l(n) = -n**2 + 3*n + 7. Let o be l(5). Is b(o) prime?
False
Suppose -7769 - 6915 = -4*q. Is q prime?
True
Let m = 236 + -417. Let o = m - -440. Is o a prime number?
False
Let j(b) = -b**2 + 4*b + 1. Let d be j(4). Let h be -2 + (d - (-1 + -3)). Suppose 89 = h*n - 2*n. Is n a prime number?
True
Suppose 3*c + 3 = 12. Suppose 5*a = -c*d - 2*d - 10, -3*a = d + 12. Let m(o) = 13*o - 2. Is m(d) prime?
True
Suppose -10 = -4*b + 10. Suppose 2*a - 3*u = 316, -4*a = -b*u - 751 + 119. Is a prime?
False
Let y = -378 + 641. Is y a prime number?
True
Let t = -1518 - -2435. Is t composite?
True
Suppose -3*p = -5*v - 31, 5*p - 2 + 1 = 2*v. Let g be ((-145)/(-2))/((-4)/v). Suppose 0 = -2*d - 3*j + g, -d - 4*d - 3*j + 340 = 0. Is d composite?
True
Is ((-376)/16)/(2/(-28)) a prime number?
False
Let b be ((-7220)/30)/(2/(-3)). Suppose -4*p + b = -235. Is p a prime number?
True
Is ((-9436)/(-84))